{"id":9378,"date":"2023-10-17T11:24:47","date_gmt":"2023-10-17T09:24:47","guid":{"rendered":"https:\/\/www.bizg.hr\/osobe\/dr-sc-danijel-casni\/"},"modified":"2025-11-12T09:56:54","modified_gmt":"2025-11-12T08:56:54","slug":"dr-sc-danijel-casni","status":"publish","type":"osobe","link":"https:\/\/www.bizg.hr\/en\/osobe\/dr-sc-danijel-casni\/","title":{"rendered":"dr. sc. Danijel \u010casni"},"content":{"rendered":"<p>Danijel \u010casni ro\u0111en je 1976. godine u \u010cakovcu. Diplomirao je na Grafi\u010dkom fakultetu Sveu\u010dili\u0161ta u Zagrebu i stekao stru\u010dni naziv baccaleurat grafi\u010dke tehnologije. Na Evan\u0111eoskom teolo\u0161kom fakultetu u Osijek stekao je naziv magistar teologije i magistar katehetike. dok je na Ekonomskom fakultetu, Sveu\u010dili\u0161ta u Zagrebu stekao magisterij ekonomije. Zavr\u0161io je poslijediplomski studij teologije na Teolo\u0161kom fakultetu Sveu\u010dili\u0161ta u Ljubljani. Predaje kolegije iz podru\u010dja pastoralne teologije, kr\u0161\u0107anske etike i povijesti crkve na Biblijskom institutu u Zagrebu. Aktivan je u izdava\u010dkom, pastoralnom i katehetskom radu. O\u017eenjen je i otac dvoje djece.<\/p>\n<p>Cjelovita <a href=\"https:\/\/www.bib.irb.hr\/pretraga?operators=and%7Cdanijel%20%C4%8Dasni%7Ctext%7Cprofile\" target=\"_blank\" rel=\"noopener\">bibliografija <\/a> radova dostupna je na mre\u017enim stranicama Hrvatske znanstvene bibliografije.<\/p>\n","protected":false},"featured_media":10966,"menu_order":0,"template":"","format":"standard","meta":{"_acf_changed":false},"class_list":["post-9378","osobe","type-osobe","status-publish","format-standard","has-post-thumbnail","hentry"],"acf":[],"_links":{"self":[{"href":"https:\/\/www.bizg.hr\/en\/wp-json\/wp\/v2\/osobe\/9378","targetHints":{"allow":["GET"]}}],"collection":[{"href":"https:\/\/www.bizg.hr\/en\/wp-json\/wp\/v2\/osobe"}],"about":[{"href":"https:\/\/www.bizg.hr\/en\/wp-json\/wp\/v2\/types\/osobe"}],"wp:featuredmedia":[{"embeddable":true,"href":"https:\/\/www.bizg.hr\/en\/wp-json\/wp\/v2\/media\/10966"}],"wp:attachment":[{"href":"https:\/\/www.bizg.hr\/en\/wp-json\/wp\/v2\/media?parent=9378"}],"curies":[{"name":"wp","href":"https:\/\/api.w.org\/{rel}","templated":true}]}}

dr. sc. Danijel Časni

<p>Danijel Časni rođen je 1976. godine u Čakovcu. Diplomirao je na Grafičkom fakultetu Sveučilišta u Zagrebu i stekao stručni naziv baccaleurat grafičke tehnologije. Na Evanđeoskom teološkom fakultetu u Osijek stekao je naziv magistar teologije i magistar katehetike. dok je na Ekonomskom fakultetu, Sveučilišta u Zagrebu stekao magisterij ekonomije. Završio je poslijediplomski studij teologije na Teološkom fakultetu Sveučilišta u Ljubljani. Predaje kolegije iz područja pastoralne teologije, kršćanske etike i povijesti crkve na Biblijskom institutu u Zagrebu. Aktivan je u izdavačkom, pastoralnom i katehetskom radu. Oženjen je i otac dvoje djece.</p>
<p>Cjelovita <a href="https://www.bib.irb.hr/pretraga?operators=and%7Cdanijel%20%C4%8Dasni%7Ctext%7Cprofile" target="_blank" rel="noopener">bibliografija </a> radova dostupna je na mrežnim stranicama Hrvatske znanstvene bibliografije.</p>
