{"id":9411,"date":"2023-09-01T16:35:48","date_gmt":"2023-09-01T14:35:48","guid":{"rendered":"https:\/\/www.bizg.hr\/povijesna_crtica\/2020\/"},"modified":"2025-04-25T12:01:23","modified_gmt":"2025-04-25T10:01:23","slug":"timeline_2020","status":"publish","type":"povijesna_crtica","link":"https:\/\/www.bizg.hr\/en\/povijesna_crtica\/timeline_2020\/","title":{"rendered":"2020"},"content":{"rendered":"<ul>\n<li>In February the Center for Biblical Research held their second roundtable in the series Conversations on Saturdays where dr. sc.\u00a0 Boris Havel spoke<\/li>\n<li>In February the panel Marriage: Shaping Children&#8217;s Character in a Family Environment was held with panelists dr. sc. Danijel Berkovi\u0107, Sanja Ro\u0161kar, professor of psychology, and \u017deljka and Igor Strej\u010dek.<\/li>\n<li>On March 6, the new book Exponentially was launched and presented.<\/li>\n<li>In March due to the difficult circumstances caused by COVID-19, we continued our regular work from home preparing and maintaining online teachings and regularly posting content on social media.<\/li>\n<li>In May Goran Medved and Ervin Budiseli\u0107 held an online course Charismatic Theology<\/li>\n<li>In May our director Perry L. Stepp was elected to the scientific title of Research Associate in Humanities \u2013 in the field of theology.<\/li>\n<li>In April the first issue our our theological journal Kairos (volume 14) was published.<\/li>\n<li>July 1 Ervin Budiseli\u0107 defended his doctoral thesis at the Faculty of Theology at the University of Ljubljana on the topic Aspects of The Biblical Concept of Witness and The Specific Understanding of The Concept in The Writings of Luke.<\/li>\n<li>On July 15th Ervin Budiseli\u0107\u2019s the first book Key Biblical themes from the series How not to get lost in the Bible was published<\/li>\n<li>In September and October, Perry Stepp held a lecture on the gospel of Matthew and Paul&#8217;s letter to Titus at the Baptistengemeinde Church in Graz, Austria.<\/li>\n<li>In September and October, a series of film evenings titled That the World May Know with Ray Vander Laan was held. The film evenings took place at the Church of Christ in Ku\u0161lanova. The hosts were Judita Kraljik and Dr. Ervin Budiseli\u0107.<\/li>\n<li>In October and November, our lecturers Ervin Budiseli\u0107 and Goran Medved began the first cycle of the Advanced Bible Knowledge program, which is approved by the European Council for Theological Education. Lectures were held on October 9th and 10th and November 20th and 21st at the Church of Christ \u017diva nada in Split, covering topics: The Bible: What You Might Not Know, The Life and Ministry of Jesus, 1 Corinthians, and The Life and Growth of the Church.<\/li>\n<li>As part of the winter semester in October, lectures began on Biblical Hebrew I (Dr. Danijel Berkovi\u0107), New Testament Greek I (Nino Brozin\u010devi\u0107), and The Book of Jonah (Danijel Berkovi\u0107), organized by the Center for Biblical Research.<\/li>\n<li>On October 6th a book promotion for Dr. Ervin Budiseli\u0107\u2019s book <em>Key Biblical Topics<\/em> by was held at the Church of Christ in Ku\u0161lanova. Other speakers were Goran Medved and pastors Mislav Ili\u0107 and Ratko Medan.<\/li>\n<li>In November, the second issue of the 14th volume of the evangelical-theological journal Kairos was published.<\/li>\n<li>In December, as part of the Biblica Croatica library, we published the third translation of the Psalms by Fra Luka Polovinovi\u0107 Bra\u010danin from 1598.<\/li>\n<li>At the very end of December, we quickly responded and provided assistance to those affected by the December 29, 2020 earthquake in the Banovina area by directly sending collected financial aid, and in cooperation with Church of Christ, donated 4 generators, fuel, and oil to those in need in Glina, Petrinja, Mo\u0161\u0107enica, the \u201cGreen Valley\u201d camp, and the \u201cBijelnik\u201d camp.<\/li>\n<li>On the last day of 2020, we wished a happy and long retirement to our dear and long-time professor of church theology and history of theology and editor of the evangelical-theological journal Kairos, Dr. Stanko Jambrek. He will remain actively involved in our work.<\/li>\n<\/ul>\n<p>&nbsp;<\/p>\n<hr \/>\n<p>&nbsp;<\/p>\n","protected":false},"menu_order":4,"template":"","format":"standard","meta":{"_acf_changed":false},"categories":[68],"tags":[],"class_list":["post-9411","povijesna_crtica","type-povijesna_crtica","status-publish","format-standard","hentry","category-timeline"],"acf":[],"_links":{"self":[{"href":"https:\/\/www.bizg.hr\/en\/wp-json\/wp\/v2\/povijesna_crtica\/9411","targetHints":{"allow":["GET"]}}],"collection":[{"href":"https:\/\/www.bizg.hr\/en\/wp-json\/wp\/v2\/povijesna_crtica"}],"about":[{"href":"https:\/\/www.bizg.hr\/en\/wp-json\/wp\/v2\/types\/povijesna_crtica"}],"wp:attachment":[{"href":"https:\/\/www.bizg.hr\/en\/wp-json\/wp\/v2\/media?parent=9411"}],"wp:term":[{"taxonomy":"category","embeddable":true,"href":"https:\/\/www.bizg.hr\/en\/wp-json\/wp\/v2\/categories?post=9411"},{"taxonomy":"post_tag","embeddable":true,"href":"https:\/\/www.bizg.hr\/en\/wp-json\/wp\/v2\/tags?post=9411"}],"curies":[{"name":"wp","href":"https:\/\/api.w.org\/{rel}","templated":true}]}}

<ul>
<li>In February the Center for Biblical Research held their second roundtable in the series Conversations on Saturdays where dr. sc.  Boris Havel spoke</li>
<li>In February the panel Marriage: Shaping Children&#8217;s Character in a Family Environment was held with panelists dr. sc. Danijel Berković, Sanja Roškar, professor of psychology, and Željka and Igor Strejček.</li>
<li>On March 6, the new book Exponentially was launched and presented.</li>
<li>In March due to the difficult circumstances caused by COVID-19, we continued our regular work from home preparing and maintaining online teachings and regularly posting content on social media.</li>
<li>In May Goran Medved and Ervin Budiselić held an online course Charismatic Theology</li>
<li>In May our director Perry L. Stepp was elected to the scientific title of Research Associate in Humanities – in the field of theology.</li>
<li>In April the first issue our our theological journal Kairos (volume 14) was published.</li>
<li>July 1 Ervin Budiselić defended his doctoral thesis at the Faculty of Theology at the University of Ljubljana on the topic Aspects of The Biblical Concept of Witness and The Specific Understanding of The Concept in The Writings of Luke.</li>
<li>On July 15th Ervin Budiselić’s the first book Key Biblical themes from the series How not to get lost in the Bible was published</li>
<li>In September and October, Perry Stepp held a lecture on the gospel of Matthew and Paul&#8217;s letter to Titus at the Baptistengemeinde Church in Graz, Austria.</li>
<li>In September and October, a series of film evenings titled That the World May Know with Ray Vander Laan was held. The film evenings took place at the Church of Christ in Kušlanova. The hosts were Judita Kraljik and Dr. Ervin Budiselić.</li>
<li>In October and November, our lecturers Ervin Budiselić and Goran Medved began the first cycle of the Advanced Bible Knowledge program, which is approved by the European Council for Theological Education. Lectures were held on October 9th and 10th and November 20th and 21st at the Church of Christ Živa nada in Split, covering topics: The Bible: What You Might Not Know, The Life and Ministry of Jesus, 1 Corinthians, and The Life and Growth of the Church.</li>
<li>As part of the winter semester in October, lectures began on Biblical Hebrew I (Dr. Danijel Berković), New Testament Greek I (Nino Brozinčević), and The Book of Jonah (Danijel Berković), organized by the Center for Biblical Research.</li>
<li>On October 6th a book promotion for Dr. Ervin Budiselić’s book <em>Key Biblical Topics</em> by was held at the Church of Christ in Kušlanova. Other speakers were Goran Medved and pastors Mislav Ilić and Ratko Medan.</li>
<li>In November, the second issue of the 14th volume of the evangelical-theological journal Kairos was published.</li>
<li>In December, as part of the Biblica Croatica library, we published the third translation of the Psalms by Fra Luka Polovinović Bračanin from 1598.</li>
<li>At the very end of December, we quickly responded and provided assistance to those affected by the December 29, 2020 earthquake in the Banovina area by directly sending collected financial aid, and in cooperation with Church of Christ, donated 4 generators, fuel, and oil to those in need in Glina, Petrinja, Mošćenica, the “Green Valley” camp, and the “Bijelnik” camp.</li>
<li>On the last day of 2020, we wished a happy and long retirement to our dear and long-time professor of church theology and history of theology and editor of the evangelical-theological journal Kairos, Dr. Stanko Jambrek. He will remain actively involved in our work.</li>
</ul>
<p>&nbsp;</p>
<hr />
<p>&nbsp;</p>
